lculate the remainder when 9430587 is divided by 15.
12
Calculate the remainder when 28551453 is divided by 2181.
2163
Calculate the remainder when 1918048 is divided by 191801.
38
What is the remainder when 21078573 is divided by 11?
10
Calculate the remainder when 11801 is divided by 928.
665
What is the remainder when 16207685 is divided by 771792?
53
What is the remainder when 67273 is divided by 3056?
41
What is the remainder when 8346865 is divided by 566?
63
What is the remainder when 535135656 is divided by 6608?
6600
Calculate the remainder when 133645 is divided by 26728.
5
What is the remainder when 258572 is divided by 3238?
2770
What is the remainder when 16607 is divided by 1576?
847
What is the remainder when 1463202 is divided by 1463147?
55
What is the remainder when 73624 is divided by 36495?
634
Calculate the remainder when 452725 is divided by 1737.
1105
What is the remainder when 22831 is divided by 437?
107
What is the remainder when 44174691 is divided by 40?
11
What is the remainder when 41414 is divided by 1428?
2
What is the remainder when 83411 is divided by 471?
44
Calculate the remainder when 61157 is divided by 138.
23
What is the remainder when 95267 is divided by 47628?
11
Calculate the remainder when 75025 is divided by 1769.
727
What is the remainder when 5680796 is divided by 167079?
110
What is the remainder when 15336941 is divided by 557?
503
Calculate the remainder when 2813845 is divided by 381.
160
What is the remainder when 498037 is divided by 8259?
2497
Calculate the remainder when 4094744 is divided by 9000.
8744
What is the remainder when 1037536 is divided by 1037536?
0
Calculate the remainder when 40062 is divided by 32144.
7918
What is the remainder when 4830973 is divided by 357?
49
Calculate the remainder when 6957867 is divided by 188050.
17
Calculate the remainder when 9619822 is divided by 8.
6
Calculate the remainder when 3044104 is divided by 372.
28
Calculate the remainder when 366937 is divided by 2308.
2273
Calculate the remainder when 14962042 is divided by 7480988.
66
Calculate the remainder when 33158759 is divided by 266.
263
Calculate the remainder when 14752 is divided by 1836.
64
What is the remainder when 6717787 is divided by 48?
43
What is the remainder when 7582996 is divided by 50?
46
Calculate the remainder when 22151460 is divided by 2193.
2160
What is the remainder when 58818 is divided by 762?
144
What is the remainder when 271137963 is divided by 2978?
2975
Calculate the remainder when 1307824 is divided by 1837.
1717
Calculate the remainder when 244701315 is divided by 181.
175
What is the remainder when 36266 is divided by 12000?
266
What is the remainder when 140543 is divided by 1079?
273
Calculate the remainder when 777142 is divided by 97061.
654
What is the remainder when 45347 is divided by 1134?
1121
Calculate the remainder when 21743 is divided by 4325.
118
What is the remainder when 2244484 is divided by 1685?
64
Calculate the remainder when 88238393 is divided by 1886.
1883
What is the remainder when 9327047 is divided by 321617?
154
What is the remainder when 1628462 is divided by 277?
256
Calculate the remainder when 1507240 is divided by 9.
1
Calculate the remainder when 1378652 is divided by 459550.
2
Calculate the remainder when 64474 is divided by 660.
454
Calculate the remainder when 57130949 is divided by 1128.
5
Calculate the remainder when 24789 is divided by 7869.
1182
Calculate the remainder when 2690091 is divided by 11.
8
What is the remainder when 5334679 is divided by 7482?
13
What is the remainder when 100731 is divided by 16772?
99
Calculate the remainder when 8919467 is divided by 2973149.
20
Calculate the remainder when 343348 is divided by 765.
628
What is the remainder when 369497 is divided by 5842?
1451
What is the remainder when 3148615 is divided by 4844?
15
What is the remainder when 138030 is divided by 27519?
435
What is the remainder when 564148 is divided by 6479?
475
What is the remainder when 22421553 is divided by 144655?
28
Calculate the remainder when 338138 is divided by 1162.
1158
What is the remainder when 29944032 is divided by 9485?
9372
Calculate the remainder when 862706 is divided by 1896.
26
Calculate the remainder when 1230793 is divided by 1332.
25
Calculate the remainder when 15010749 is divided by 3752686.
5
Calculate the remainder when 9539 is divided by 8824.
715
What is the remainder when 4327543 is divided by 135235?
23
Calculate the remainder when 20058261 is divided by 188.
165
What is the remainder when 8345081 is divided by 69?
14
What is the remainder when 1613709 is divided by 300?
9
What is the remainder when 945293 is divided by 2246?
1973
What is the remainder when 196044 is divided by 1497?
1434
What is the remainder when 46723 is divided by 2952?
2443
Calculate the remainder when 22970581 is divided by 45758.
65
What is the remainder when 2042747 is divided by 143?
135
What is the remainder when 2507507 is divided by 7739?
71
Calculate the remainder when 789479 is divided by 1086.
1043
Calculate the remainder when 18616742 is divided by 617.
1
What is the remainder when 2321750 is divided by 37447?
36
Calculate the remainder when 4938644 is divided by 987727.
9
What is the remainder when 27316279 is divided by 13658136?
7
Calculate the remainder when 31319 is divided by 6232.
159
Calculate the remainder when 1665492 is divided by 832743.
6
What is the remainder when 74041 is divided by 133?
93
What is the remainder when 355575679 is divided by 235?
234
What is the remainder when 7884160 is divided by 35?
25
Calculate the remainder when 191685 is divided by 95838.
9
What is the remainder when 5628935 is divided by 10069?
364
Calculate the remainder when 184954 is divided by 4256.
1946
Calculate the remainder when 956340 is divided by 644.
0
Calculate the remainder when 4924657 is divided by 6110.
6107
What is the remainder when 15867449 is divided by 26?
13
Calculate the remainder when 1562621 is divided by 1079.
229
What is the remainder when 83757 is divided by 40566?
2625
Calculate the remainder when 17745 is divided by 1109.
1
Calculate the remainder when 14948485 is divided by 2491375.
235
What is the remainder when 276010599 is divided by 6?
3
What is the remainder when 61707 is divided by 29561?
2585
Calculate the remainder when 672542 is divided by 504.
206
Calculate the remainder when 128187625 is divided by 19908.
13
Calculate the remainder when 9900062 is divided by 4533.
4523
Calculate the remainder when 3867573 is divided by 34.
5
What is the remainder when 60305766 is divided by 6389?
6384
What is the remainder when 986261 is divided by 96?
53
What is the remainder when 692603135 is divided by 256?
255
What is the remainder when 97416834 is divided by 81?
78
What is the remainder when 588536 is divided by 196061?
353
What is the remainder when 2053730 is divided by 224?
98
What is the remainder when 240712 is divided by 295?
287
Calculate the remainder when 2109496 is divided by 2109483.
13
Calculate the remainder when 1577197 is divided by 1654.
935
Calculate the remainder when 120583 is divided by 1750.
1583
Calculate the remainder when 3693898 is divided by 369388.
18
What is the remainder when 192559 is divided by 32093?
1
What is the remainder when 446303 is divided by 444229?
2074
Calculate the remainder when 258355363 is divided by 4.
3
What is the remainder when 868121 is divided by 111?
101
What is the remainder when 80087 is divided by 1383?
1256
What is the remainder when 2626109 is divided by 684?
233
Calculate the remainder when 242599 is divided by 902.
863
Calculate the remainder when 15480358 is divided by 105.
103
Calculate the remainder when 7485706 is divided by 37242.
64
Calculate the remainder when 8853566 is divided by 43.
38
Calculate the remainder when 35032 is divided by 2055.
97
Calculate the remainder when 25117789 is divided by 784.
781
What is the remainder when 280478 is divided by 280437?
41
What is the remainder when 26217267 is divided by 10?
7
Calculate the remainder when 2814816 is divided by 961.
47
What is the remainder when 27614845 is divided by 198?
181
Calculate the remainder when 51421964 is divided by 268.
0
Calculate the remainder wh